{"id":4199,"date":"2024-06-27T12:37:20","date_gmt":"2024-06-27T12:37:20","guid":{"rendered":"https:\/\/brasil.mapbiomas.org\/?post_type=event&#038;p=4199"},"modified":"2024-06-27T12:37:20","modified_gmt":"2024-06-27T12:37:20","slug":"lancamento-da-versao-beta-do-modulo-de-degradacao-do-mapbiomas","status":"publish","type":"event","link":"https:\/\/brasil.mapbiomas.org\/en\/event\/lancamento-da-versao-beta-do-modulo-de-degradacao-do-mapbiomas\/","title":{"rendered":"Lan\u00e7amento da vers\u00e3o beta do m\u00f3dulo de degrada\u00e7\u00e3o do MapBiomas"},"content":{"rendered":"\n<p>Vetores de degrada\u00e7\u00e3o da vegeta\u00e7\u00e3o nativa e sua rela\u00e7\u00e3o com as pol\u00edticas p\u00fablicas para a conserva\u00e7\u00e3o e recupera\u00e7\u00e3o dos biomas brasileiros<\/p>\n\n\n\n<p>Evento presencial na Enap, em Bras\u00edlia (DF)<\/p>\n","protected":false},"featured_media":4200,"template":"","acf":[],"uagb_featured_image_src":{"full":["https:\/\/brasil.mapbiomas.org\/wp-content\/uploads\/sites\/4\/2024\/06\/degradacao-feed.jpeg",1080,1080,false],"thumbnail":["https:\/\/brasil.mapbiomas.org\/wp-content\/uploads\/sites\/4\/2024\/06\/degradacao-feed-400x300.jpeg",400,300,true],"medium":["https:\/\/brasil.mapbiomas.org\/wp-content\/uploads\/sites\/4\/2024\/06\/degradacao-feed-300x300.jpeg",300,300,true],"medium_large":["https:\/\/brasil.mapbiomas.org\/wp-content\/uploads\/sites\/4\/2024\/06\/degradacao-feed-768x768.jpeg",768,768,true],"large":["https:\/\/brasil.mapbiomas.org\/wp-content\/uploads\/sites\/4\/2024\/06\/degradacao-feed-1024x1024.jpeg",1024,1024,true],"1536x1536":["https:\/\/brasil.mapbiomas.org\/wp-content\/uploads\/sites\/4\/2024\/06\/degradacao-feed.jpeg",1080,1080,false],"2048x2048":["https:\/\/brasil.mapbiomas.org\/wp-content\/uploads\/sites\/4\/2024\/06\/degradacao-feed.jpeg",1080,1080,false],"trp-custom-language-flag":["https:\/\/brasil.mapbiomas.org\/wp-content\/uploads\/sites\/4\/2024\/06\/degradacao-feed-12x12.jpeg",12,12,true],"infographic":["https:\/\/brasil.mapbiomas.org\/wp-content\/uploads\/sites\/4\/2024\/06\/degradacao-feed-970x545.jpeg",970,545,true],"team":["https:\/\/brasil.mapbiomas.org\/wp-content\/uploads\/sites\/4\/2024\/06\/degradacao-feed-370x370.jpeg",370,370,true]},"uagb_author_info":{"display_name":"isabelakiesel","author_link":"https:\/\/brasil.mapbiomas.org\/en\/author\/"},"uagb_comment_info":0,"uagb_excerpt":"Vetores de degrada\u00e7\u00e3o da vegeta\u00e7\u00e3o nativa e sua rela\u00e7\u00e3o com as pol\u00edticas p\u00fablicas para a conserva\u00e7\u00e3o e recupera\u00e7\u00e3o dos biomas brasileiros Evento presencial na Enap, em Bras\u00edlia (DF)","_links":{"self":[{"href":"https:\/\/brasil.mapbiomas.org\/en\/wp-json\/wp\/v2\/event\/4199"}],"collection":[{"href":"https:\/\/brasil.mapbiomas.org\/en\/wp-json\/wp\/v2\/event"}],"about":[{"href":"https:\/\/brasil.mapbiomas.org\/en\/wp-json\/wp\/v2\/types\/event"}],"wp:featuredmedia":[{"embeddable":true,"href":"https:\/\/brasil.mapbiomas.org\/en\/wp-json\/wp\/v2\/media\/4200"}],"wp:attachment":[{"href":"https:\/\/brasil.mapbiomas.org\/en\/wp-json\/wp\/v2\/media?parent=4199"}],"curies":[{"name":"wp","href":"https:\/\/api.w.org\/{rel}","templated":true}]}}

Lançamento da versão beta do módulo de degradação do MapBiomas

<p>Vetores de degradação da vegetação nativa e sua relação com as políticas públicas para a conservação e recuperação dos biomas brasileiros</p>



<p>Evento presencial na Enap, em Brasília (DF)</p>

Vetores de degradação da vegetação nativa e sua relação com as políticas públicas para a conservação e recuperação dos biomas brasileiros Evento presencial na Enap, em Brasília (DF)
